{"id":6,"date":"2021-12-11T15:57:51","date_gmt":"2021-12-11T15:57:51","guid":{"rendered":"https:\/\/gosmo.fi\/?page_id=6"},"modified":"2022-05-09T16:00:59","modified_gmt":"2022-05-09T16:00:59","slug":"about","status":"publish","type":"page","link":"https:\/\/gosmo.fi\/?page_id=6","title":{"rendered":"Palvelut &#8211; Service"},"content":{"rendered":"\n<p>Julkaisujen taitto &#8211; Ombrytning av publikationer<\/p>\n\n\n\n<p>K\u00e4yntikortit &#8211; Visitkort<\/p>\n\n\n\n<p>Esitteet &#8211; Broschyrer<\/p>\n\n\n\n<p>Vihot ja kirjat &#8211; H\u00e4ften och b\u00f6cker<\/p>\n\n\n\n<p>Itsej\u00e4ljent\u00e4v\u00e4t lomakkeet &#8211; Sj\u00e4lvkopierande blanketter<\/p>\n\n\n\n<p>Kirjekuoret &#8211; Kuvert<\/p>\n\n\n\n<p>Tarrat ja teipit &#8211; Dekaler och tejp<\/p>\n","protected":false},"excerpt":{"rendered":"<p>Julkaisujen taitto &#8211; Ombrytning av publikationer K\u00e4yntikortit &#8211; Visitkort Esitteet &#8211; Broschyrer Vihot ja kirjat &#8211; H\u00e4ften och b\u00f6cker Itsej\u00e4ljent\u00e4v\u00e4t lomakkeet &#8211; Sj\u00e4lvkopierande blanketter Kirjekuoret &#8211; Kuvert Tarrat ja teipit &#8211; Dekaler och tejp<\/p>\n","protected":false},"author":1,"featured_media":0,"parent":0,"menu_order":0,"comment_status":"closed","ping_status":"closed","template":"","meta":{"footnotes":""},"class_list":["post-6","page","type-page","status-publish","hentry"],"_links":{"self":[{"href":"https:\/\/gosmo.fi\/index.php?rest_route=\/wp\/v2\/pages\/6","targetHints":{"allow":["GET"]}}],"collection":[{"href":"https:\/\/gosmo.fi\/index.php?rest_route=\/wp\/v2\/pages"}],"about":[{"href":"https:\/\/gosmo.fi\/index.php?rest_route=\/wp\/v2\/types\/page"}],"author":[{"embeddable":true,"href":"https:\/\/gosmo.fi\/index.php?rest_route=\/wp\/v2\/users\/1"}],"replies":[{"embeddable":true,"href":"https:\/\/gosmo.fi\/index.php?rest_route=%2Fwp%2Fv2%2Fcomments&post=6"}],"version-history":[{"count":2,"href":"https:\/\/gosmo.fi\/index.php?rest_route=\/wp\/v2\/pages\/6\/revisions"}],"predecessor-version":[{"id":61,"href":"https:\/\/gosmo.fi\/index.php?rest_route=\/wp\/v2\/pages\/6\/revisions\/61"}],"wp:attachment":[{"href":"https:\/\/gosmo.fi\/index.php?rest_route=%2Fwp%2Fv2%2Fmedia&parent=6"}],"curies":[{"name":"wp","href":"https:\/\/api.w.org\/{rel}","templated":true}]}}